 hundred thousands digit of 162069?
1
What is the units digit of 75382?
2
What is the thousands digit of 59032?
9
What is the thousands digit of 149496?
9
What is the thousands digit of 124832?
4
What is the ten millions digit of 27505829?
2
What is the hundred thousands digit of 214119?
2
What is the units digit of 288834?
4
What is the hundreds digit of 3734996?
9
What is the ten thousands digit of 3594764?
9
What is the hundreds digit of 551794?
7
What is the units digit of 151376?
6
What is the units digit of 245293?
3
What is the tens digit of 2799888?
8
What is the tens digit of 406415?
1
What is the hundreds digit of 1071682?
6
What is the tens digit of 17759189?
8
What is the ten thousands digit of 3181113?
8
What is the ten thousands digit of 270623?
7
What is the thousands digit of 429965?
9
What is the tens digit of 273674?
7
What is the hundred thousands digit of 888626?
8
What is the units digit of 71055?
5
What is the ten thousands digit of 181799?
8
What is the tens digit of 4453005?
0
What is the thousands digit of 271003?
1
What is the hundred thousands digit of 2335975?
3
What is the hundred thousands digit of 501950?
5
What is the hundreds digit of 168933?
9
What is the tens digit of 20051394?
9
What is the ten thousands digit of 319667?
1
What is the hundred thousands digit of 484726?
4
What is the tens digit of 27479328?
2
What is the thousands digit of 311302?
1
What is the hundred thousands digit of 15675898?
6
What is the thousands digit of 1165300?
5
What is the ten thousands digit of 4248131?
4
What is the hundreds digit of 1958133?
1
What is the millions digit of 1955748?
1
What is the hundreds digit of 876632?
6
What is the thousands digit of 21219107?
9
What is the hundreds digit of 8186195?
1
What is the tens digit of 13735733?
3
What is the hundreds digit of 3603431?
4
What is the hundred thousands digit of 1024018?
0
What is the millions digit of 40331949?
0
What is the millions digit of 3832445?
3
What is the thousands digit of 28099875?
9
What is the thousands digit of 6695321?
5
What is the thousands digit of 1044864?
4
What is the units digit of 12426325?
5
What is the units digit of 37950?
0
What is the thousands digit of 1704019?
4
What is the hundreds digit of 197456?
4
What is the millions digit of 25614805?
5
What is the ten thousands digit of 8132647?
3
What is the millions digit of 11239704?
1
What is the hundred thousands digit of 13165203?
1
What is the units digit of 1892800?
0
What is the millions digit of 5964151?
5
What is the ten thousands digit of 11219058?
1
What is the ten thousands digit of 434909?
3
What is the hundred thousands digit of 2684521?
6
What is the tens digit of 9542192?
9
What is the tens digit of 5340312?
1
What is the ten thousands digit of 7094699?
9
What is the tens digit of 9320278?
7
What is the units digit of 343659?
9
What is the units digit of 198815?
5
What is the units digit of 6833454?
4
What is the tens digit of 9798433?
3
What is the hundred thousands digit of 1099881?
0
What is the thousands digit of 1469389?
9
What is the hundreds digit of 7484916?
9
What is the thousands digit of 5748643?
8
What is the thousands digit of 38121?
8
What is the thousands digit of 14858?
4
What is the units digit of 4375292?
2
What is the millions digit of 3130612?
3
What is the millions digit of 1714427?
1
What is the tens digit of 3315831?
3
What is the units digit of 1021294?
4
What is the units digit of 2729888?
8
What is the tens digit of 2315153?
5
What is the millions digit of 23380516?
3
What is the hundred thousands digit of 460506?
4
What is the tens digit of 79782?
8
What is the ten millions digit of 19745886?
1
What is the tens digit of 210204?
0
What is the ten millions digit of 19992894?
1
What is the tens digit of 378848?
4
What is the units digit of 12437908?
8
What is the tens digit of 10781900?
0
What is the ten thousands digit of 228318?
2
What is the units digit of 75771?
1
What is the hundred thousands digit of 554497?
5
What is the millions digit of 1178183?
1
What is the millions digit of 2906770?
2
What is the tens digit of 5709535?
3
What is the ten millions digit of 13630884?
1
What is the hundred thousands digit of 1014381?
0
What is the tens digit of 30111648?
4
What is the millions digit of 3833763?
3
What is the hundreds digit of 67441?
4
What is the hundreds digit of 220915?
9
What is the units digit of 2712926?
6
What is the thousands digit of 32123233?
3
What is the tens digit of 3875999?
9
What is the millions digit of 3725050?
3
What is the ten thousands digit of 12815982?
1
What is the hundred thousands digit of 11243610?
2
What is the tens digit of 538220?
2
What is the thousands digit of 90271?
0
What is the hundred thousands digit of 4840938?
8
What is the units digit of 6379995?
5
What is the hundred thousands digit of 6047657?
0
What is the hundreds digit of 11742977?
9
What is the thousands digit of 4641332?
1
What is the thousands digit of 1188687?
8
What is the thousands digit of 37615378?
5
What is the hundreds digit of 194992?
9
What is the thousands digit of 18879137?
9
What is the hundreds digit of 3578506?
5
What is the thousands digit of 406623?
6
What is the hundred thousands digit of 331569?
3
What is the hundreds digit of 2185389?
3
What is the hundreds digit of 310438?
4
What is the hundred thousands digit of 525885?
5
What is the ten thousands digit of 208120?
0
What is the thousands digit of 146827?
6
What is the ten thousands digit of 20975120?
7
What is the hundred thousands digit of 10744916?
7
What is the hundreds digit of 27892222?
2
What is the thousands digit of 728280?
8
What is the units digit of 18818952?
2
What is the hundred thousands digit of 555335?
5
What is the tens digit of 477278?
7
What is the ten thousands digit of 6586777?
8
What is the hundred thousands digit of 1638493?
6
What is the ten thousands digit of 573515?
7
What is the hundred thousands digit of 107915?
1
What is the units digit of 12479586?
6
What is the hundred thousands digit of 4700973?
7
What is the thousands digit of 833779?
3
What is the tens digit of 2536668?
6
What is the hundreds digit of 290393?
3
What is the units digit of 1449617?
7
What is the tens digit of 315628?
2
What is the thousands digit of 3417093?
7
What is the thousands digit of 703172?
3
What is the hundred thousands digit of 11655680?
6
What is the hundreds digit of 13717?
7
What is the hundreds digit of 20215635?
6
What is the units digit of 32218667?
7
What is the units digit of 350117?
7
What is the tens digit of 141290?
9
What is the thousands digit of 761349?
1
What is the thousands digit of 2014225?
4
What is the ten thousands digit of 7928235?
2
What is the tens digit of 12660079?
7
What is the tens digit of 92718?
1
What is the hundred thousands digit of 131878?
1
What is the thousands digit of 4405314?
5
What is the ten thousands digit of 7677698?
7
What is the hundreds digit of 17983486?
4
What is the ten thousands digit of 2773253?
7
What is the ten millions digit of 16461059?
1
What is the millions digit of 1184705?
1
What is the ten thousands digit of 38327?
3
What is the hundreds digit of 2526178?
1
What is the tens digit of 2233961?
6
What is the hundred thousands digit of 1128175?
1
What is the units digit of 3385186?
6
What is the units digit of 6778395?
5
What is the hundred thousands digit of 584937?
5
What is the hundreds digit of 114320?
3
What is the thousands digit of 285071?
5
What is the tens digit of 4624535?
3
What is the ten thousands digit of 696117?
9
What is the thousands digit of 2139381?
9
What is the units digit of 198308?
8
What is the hundred thousands digit of 22518258?
5
What is the tens digit of 1658834?
3
What is the ten millions digit of 14219674?
1
What is the units digit of 11577462?
2
What is the ten millions digit of 18221161?
1
What is the hundred thousands digit of 3909309?
9
What is the tens digit of 281984?
8
What is the thousands digit of 1823848?
3
What is the hundred thousands digit of 1336910?
3
What is the hundreds digit of 187443?
4
What is the units digit of 1608821?
1
What is the units digit of 38046?
6
What is the units digit of 39317?
7
What is the tens digit of 313451?
5
What is the thousands digit of 287